{"id":1367,"date":"2021-08-09T12:42:21","date_gmt":"2021-08-09T10:42:21","guid":{"rendered":"http:\/\/www.urbar-obp.sk\/?page_id=1367"},"modified":"2022-03-14T12:45:33","modified_gmt":"2022-03-14T10:45:33","slug":"2021-2","status":"publish","type":"page","link":"https:\/\/www.urbar-obp.sk\/?page_id=1367","title":{"rendered":"2021"},"content":{"rendered":"\n<p><a href=\"https:\/\/www.urbar-obp.sk\/wp-content\/uploads\/2021\/08\/Statistika_-Hospod\u00e1rsky_v\u00fdsledok_rok2020.pdf\">Hospod\u00e1rsky_v\u00fdsledok_-&nbsp; rok 2020<\/a><\/p>\n<p><a href=\"https:\/\/www.urbar-obp.sk\/wp-content\/uploads\/2021\/08\/Statistika_Prace_v_lese_rok2020.pdf\">Pr\u00e1ce v lese, \u0165a\u017eba&nbsp; &#8211; _rok 2020<\/a><\/p>\n<p><a href=\"https:\/\/www.urbar-obp.sk\/wp-content\/uploads\/2022\/01\/Sprava-DR-PS-za-rok-2020.pdf\">Sprava DR PS za rok 2020<\/a><\/p>\n<p><a href=\"https:\/\/www.urbar-obp.sk\/wp-content\/uploads\/2022\/02\/Zapisnica_-VZ-2021.pdf\">Zapisnica_ VZ-2021<\/a><\/p>\n<p><a href=\"https:\/\/www.urbar-obp.sk\/wp-content\/uploads\/2022\/01\/Uznesenie_VZ-2021.pdf\">Uznesenie_VZ-2021<\/a><\/p>\n<p>&nbsp;<\/p>\n","protected":false},"excerpt":{"rendered":"<p>Hospod\u00e1rsky_v\u00fdsledok_-&nbsp; rok 2020 Pr\u00e1ce v lese, \u0165a\u017eba&nbsp; &#8211; _rok 2020 Sprava DR PS za rok 2020 Zapisnica_ VZ-2021 Uznesenie_VZ-2021 &nbsp;<\/p>\n","protected":false},"author":1,"featured_media":0,"parent":404,"menu_order":9,"comment_status":"closed","ping_status":"closed","template":"","meta":{"ngg_post_thumbnail":0,"footnotes":""},"class_list":["post-1367","page","type-page","status-publish","hentry","nodate","item-wrap"],"_links":{"self":[{"href":"https:\/\/www.urbar-obp.sk\/index.php?rest_route=\/wp\/v2\/pages\/1367","targetHints":{"allow":["GET"]}}],"collection":[{"href":"https:\/\/www.urbar-obp.sk\/index.php?rest_route=\/wp\/v2\/pages"}],"about":[{"href":"https:\/\/www.urbar-obp.sk\/index.php?rest_route=\/wp\/v2\/types\/page"}],"author":[{"embeddable":true,"href":"https:\/\/www.urbar-obp.sk\/index.php?rest_route=\/wp\/v2\/users\/1"}],"replies":[{"embeddable":true,"href":"https:\/\/www.urbar-obp.sk\/index.php?rest_route=%2Fwp%2Fv2%2Fcomments&post=1367"}],"version-history":[{"count":0,"href":"https:\/\/www.urbar-obp.sk\/index.php?rest_route=\/wp\/v2\/pages\/1367\/revisions"}],"up":[{"embeddable":true,"href":"https:\/\/www.urbar-obp.sk\/index.php?rest_route=\/wp\/v2\/pages\/404"}],"wp:attachment":[{"href":"https:\/\/www.urbar-obp.sk\/index.php?rest_route=%2Fwp%2Fv2%2Fmedia&parent=1367"}],"curies":[{"name":"wp","href":"https:\/\/api.w.org\/{rel}","templated":true}]}}