{"id":1646,"date":"2023-02-25T19:59:23","date_gmt":"2023-02-25T17:59:23","guid":{"rendered":"http:\/\/www.urbar-obp.sk\/?page_id=1646"},"modified":"2024-03-31T21:31:45","modified_gmt":"2024-03-31T19:31:45","slug":"2023-2","status":"publish","type":"page","link":"https:\/\/www.urbar-obp.sk\/?page_id=1646","title":{"rendered":"2023"},"content":{"rendered":"\n<p><a href=\"https:\/\/www.urbar-obp.sk\/wp-content\/uploads\/2023\/02\/Z\u00c1PISNICA-17-1-2023.pdf\">Z\u00c1PISNICA 17-1-2023<\/a><\/p>\n<p><a href=\"https:\/\/www.urbar-obp.sk\/wp-content\/uploads\/2023\/02\/Z\u00c1PISNICA-20-2-2023.pdf\">Z\u00c1PISNICA 20-2-2023<\/a><\/p>\n<p><a href=\"https:\/\/www.urbar-obp.sk\/wp-content\/uploads\/2023\/04\/Z\u00c1PISNICA-17-3-2023.pdf\">Z\u00c1PISNICA 17-3-2023<\/a><\/p>\n<p><a href=\"https:\/\/www.urbar-obp.sk\/wp-content\/uploads\/2023\/04\/Z\u00c1PISNICA-15-4-2023.pdf\">Z\u00c1PISNICA 15-4-2023<\/a><\/p>\n<p><a href=\"https:\/\/www.urbar-obp.sk\/wp-content\/uploads\/2023\/06\/Z\u00c1PISNICA-20-5-2023.pdf\">Z\u00c1PISNICA 20-5-2023<\/a><\/p>\n<p><a href=\"https:\/\/www.urbar-obp.sk\/wp-content\/uploads\/2023\/07\/ZAPISNICA-23-6-2023.pdf\">Z\u00c1PISNICA 23-6-2023<\/a><\/p>\n<p><a href=\"https:\/\/www.urbar-obp.sk\/wp-content\/uploads\/2024\/03\/ZAPISNICA-21-7-2023.pdf\">Z\u00c1PISNICA 21-7-2023<\/a><\/p>\n<p><a href=\"https:\/\/www.urbar-obp.sk\/wp-content\/uploads\/2023\/10\/ZAPISNICA-24-8-2023.pdf\">Z\u00c1PISNICA 24-8-2023<\/a><\/p>\n<p><a href=\"https:\/\/www.urbar-obp.sk\/wp-content\/uploads\/2023\/10\/ZAPISNICA-2-10-2023.pdf\">Z\u00c1PISNICA 2-10-2023<\/a><\/p>\n<p><a href=\"https:\/\/www.urbar-obp.sk\/wp-content\/uploads\/2023\/11\/ZAPISNICA-3-11-2023.pdf\">Z\u00c1PISNICA 3-11-2023<\/a><\/p>\n<p><a href=\"https:\/\/www.urbar-obp.sk\/wp-content\/uploads\/2024\/01\/ZAPISNICA-01-12-2023.pdf\">Z\u00c1PISNICA 01-12-2023<\/a><\/p>\n","protected":false},"excerpt":{"rendered":"<p>Z\u00c1PISNICA 17-1-2023 Z\u00c1PISNICA 20-2-2023 Z\u00c1PISNICA 17-3-2023 Z\u00c1PISNICA 15-4-2023 Z\u00c1PISNICA 20-5-2023 Z\u00c1PISNICA 23-6-2023 Z\u00c1PISNICA 21-7-2023 Z\u00c1PISNICA 24-8-2023 Z\u00c1PISNICA 2-10-2023 Z\u00c1PISNICA 3-11-2023 Z\u00c1PISNICA 01-12-2023<\/p>\n","protected":false},"author":1,"featured_media":0,"parent":395,"menu_order":3,"comment_status":"closed","ping_status":"closed","template":"","meta":{"ngg_post_thumbnail":0,"footnotes":""},"class_list":["post-1646","page","type-page","status-publish","hentry","nodate","item-wrap"],"_links":{"self":[{"href":"https:\/\/www.urbar-obp.sk\/index.php?rest_route=\/wp\/v2\/pages\/1646","targetHints":{"allow":["GET"]}}],"collection":[{"href":"https:\/\/www.urbar-obp.sk\/index.php?rest_route=\/wp\/v2\/pages"}],"about":[{"href":"https:\/\/www.urbar-obp.sk\/index.php?rest_route=\/wp\/v2\/types\/page"}],"author":[{"embeddable":true,"href":"https:\/\/www.urbar-obp.sk\/index.php?rest_route=\/wp\/v2\/users\/1"}],"replies":[{"embeddable":true,"href":"https:\/\/www.urbar-obp.sk\/index.php?rest_route=%2Fwp%2Fv2%2Fcomments&post=1646"}],"version-history":[{"count":0,"href":"https:\/\/www.urbar-obp.sk\/index.php?rest_route=\/wp\/v2\/pages\/1646\/revisions"}],"up":[{"embeddable":true,"href":"https:\/\/www.urbar-obp.sk\/index.php?rest_route=\/wp\/v2\/pages\/395"}],"wp:attachment":[{"href":"https:\/\/www.urbar-obp.sk\/index.php?rest_route=%2Fwp%2Fv2%2Fmedia&parent=1646"}],"curies":[{"name":"wp","href":"https:\/\/api.w.org\/{rel}","templated":true}]}}